rs of 2075.
5, 83
What are the prime factors of 14950?
2, 5, 13, 23
List the prime factors of 5537.
7, 113
What are the prime factors of 627?
3, 11, 19
List the prime factors of 2551.
2551
What are the prime factors of 1442?
2, 7, 103
What are the prime factors of 2683?
2683
What are the prime factors of 753?
3, 251
What are the prime factors of 169?
13
List the prime factors of 105.
3, 5, 7
List the prime factors of 81326.
2, 7, 37, 157
List the prime factors of 57809.
57809
List the prime factors of 229.
229
List the prime factors of 2583.
3, 7, 41
List the prime factors of 3545.
5, 709
What are the prime factors of 55201?
55201
List the prime factors of 20704.
2, 647
What are the prime factors of 487?
487
List the prime factors of 38888.
2, 4861
List the prime factors of 29010.
2, 3, 5, 967
What are the prime factors of 2883?
3, 31
List the prime factors of 22765.
5, 29, 157
What are the prime factors of 16369?
16369
List the prime factors of 38783.
38783
List the prime factors of 5568.
2, 3, 29
What are the prime factors of 47073?
3, 13, 17, 71
What are the prime factors of 269?
269
List the prime factors of 89015.
5, 19, 937
List the prime factors of 7854.
2, 3, 7, 11, 17
List the prime factors of 1306.
2, 653
List the prime factors of 420.
2, 3, 5, 7
What are the prime factors of 63969?
3, 21323
List the prime factors of 33735.
3, 5, 13, 173
List the prime factors of 1556.
2, 389
What are the prime factors of 16260?
2, 3, 5, 271
List the prime factors of 1926.
2, 3, 107
List the prime factors of 25255.
5, 5051
List the prime factors of 29768.
2, 61
List the prime factors of 9583.
7, 37
What are the prime factors of 1527?
3, 509
What are the prime factors of 58259?
17, 23, 149
List the prime factors of 330.
2, 3, 5, 11
List the prime factors of 24402.
2, 3, 7, 83
List the prime factors of 288.
2, 3
What are the prime factors of 6147?
3, 683
What are the prime factors of 269?
269
What are the prime factors of 143286?
2, 3, 11, 13, 167
What are the prime factors of 1593?
3, 59
What are the prime factors of 19755?
3, 5, 439
What are the prime factors of 5475?
3, 5, 73
List the prime factors of 30156.
2, 3, 7, 359
List the prime factors of 412.
2, 103
List the prime factors of 798.
2, 3, 7, 19
List the prime factors of 370.
2, 5, 37
List the prime factors of 284.
2, 71
What are the prime factors of 1603?
7, 229
What are the prime factors of 1948?
2, 487
List the prime factors of 116.
2, 29
List the prime factors of 3432.
2, 3, 11, 13
List the prime factors of 5416.
2, 677
List the prime factors of 41747.
109, 383
List the prime factors of 347.
347
What are the prime factors of 37154?
2, 13, 1429
List the prime factors of 805.
5, 7, 23
List the prime factors of 985.
5, 197
List the prime factors of 678.
2, 3, 113
List the prime factors of 57885.
3, 5, 17, 227
List the prime factors of 1870.
2, 5, 11, 17
List the prime factors of 33858.
2, 3, 11, 19
What are the prime factors of 756?
2, 3, 7
List the prime factors of 1443.
3, 13, 37
List the prime factors of 952.
2, 7, 17
List the prime factors of 8477.
7, 173
List the prime factors of 793.
13, 61
What are the prime factors of 14482?
2, 13, 557
List the prime factors of 16865.
5, 3373
What are the prime factors of 1941?
3, 647
List the prime factors of 35606.
2, 19, 937
List the prime factors of 55241.
37, 1493
What are the prime factors of 18549?
3, 229
What are the prime factors of 1163?
1163
List the prime factors of 11964.
2, 3, 997
What are the prime factors of 1202?
2, 601
List the prime factors of 631.
631
List the prime factors of 215.
5, 43
What are the prime factors of 23780?
2, 5, 29, 41
What are the prime factors of 725?
5, 29
List the prime factors of 11273.
11273
List the prime factors of 2020.
2, 5, 101
List the prime factors of 39766.
2, 59, 337
List the prime factors of 15760.
2, 5, 197
List the prime factors of 675.
3, 5
What are the prime factors of 6137?
17, 19
List the prime factors of 67313.
83, 811
What are the prime factors of 5175?
3, 5, 23
List the prime factors of 145.
5, 29
List the prime factors of 10311.
3, 7, 491
What are the prime factors of 8519?
7, 1217
What are the prime factors of 4243?
4243
What are the prime factors of 2658?
2, 3, 443
List the prime factors of 12623.
13, 971
List the prime factors of 935.
5, 11, 17
What are the prime factors of 12252?
2, 3, 1021
List the prime factors of 8130.
2, 3, 5, 271
List the prime factors of 7331.
7331
What are the prime factors of 6029?
6029
List the prime factors of 3433.
3433
What are the prime factors of 1876?
2, 7, 67
What are the prime factors of 18950?
2, 5, 379
What are the prime factors of 169565?
5, 11, 3083
What are the prime factors of 1528?
2, 191
What are the prime factors of 34058?
2, 17029
What are the prime factors of 98318?
2, 11, 41, 109
List the prime factors of 527.
17, 31
What are the prime factors of 385?
5, 7, 11
What are the prime factors of 11318?
2, 5659
List the prime factors of 916.
2, 229
List the prime factors of 6311.
6311
What are the prime factors of 13210?
2, 5, 1321
List the prime factors of 39116.
2, 7, 11, 127
What are the prime factors of 155098?
2, 77549
List the prime factors of 7205.
5, 11, 131
What are the prime factors of 39458?
2, 109, 181
List the prime factors of 2105.
5, 421
List the prime factors of 9811.
9811
List the prime factors of 5295.
3, 5, 353
List the prime factors of 146611.
271, 541
List the prime factors of 910.
2, 5, 7, 13
What are the prime factors of 111229?
111229
What are the prime factors of 14661?
3, 181
What are the prime factors of 1882?
2, 941
List the prime factors of 86665.
5, 17333
List the prime factors of 78337.
7, 19, 31
What are the prime factors of 768?
2, 3
List the prime factors of 1794.
2, 3, 13, 23
List the prime factors of 20.
2, 5
List the prime factors of 2857.
2857
List the prime factors of 47435.
5, 53, 179
What are the prime factors of 10075?
5, 13, 31
List the prime factors of 77745.
3, 5, 71, 73
List the prime factors of 10770.
2, 3, 5, 359
List the prime factors of 1638.
2, 3, 7, 13
List the prime factors of 2991.
3, 997
List the prime factors of 71664.
2, 3, 1493
List the prime factors of 639.
3, 71
What are the prime factors of 3208?
2, 401
List the prime factors of 8998.
2, 11, 409
What are the prime factors of 22379?
7, 23, 139
List the prime factors of 11637.
3, 431
What are the prime factors of 2507?
23, 109
What are the prime factors of 1164?
2, 3, 97
What are the prime factors of 2232?
2, 3, 31
What are the prime factors of 616?
2, 7, 11
List the prime factors of 18383.
31, 593
List the prime factors of 4066.
2, 19, 107
List the prime factors of 64274.
2, 7, 4591
List the prime factors of 135754.
2, 103, 659
What are the prime factors of 1670?
2, 5, 167
List the prime factors of 4872.
2, 3, 7, 29
List the prime factors of 1930.
2, 5, 193
List the prime factors of 1122.
2, 3, 11, 17
What are the prime factors of 1013?
1013
List the prime factors of 20423.
13, 1571
List the prime factors of 2978.
2, 1489
What are the prime factors of 23449?
131, 179
What are the prime factors of 2265?
3, 5, 151
List the prime factors of 4263.
3, 7, 29
What are the prime factors of 37?
37
List the prime factors of 41328.
2, 3, 7, 41
List the prime factors of 321.
3, 107
List the prime factors of 15120.
2, 3, 5, 7
What are the prime factors of 38264?
2, 4783
What are the prime factors of 9777?
3, 3259
List the prime factors of 5404.
2, 7, 193
What are the prime factors of 3370?
2, 5, 337
List the prime factors of 583.
11, 53
What are the prime factors of 10958?
2, 5479
What are the prime factors of 143112?
2, 3, 67, 89
What are the prime factors of 11768?
2, 1471
What are the prime factors of 18?
2, 3
List the prime factors of 39744.
2, 3, 23
List the prime factors of 302.
2, 151
What are the prime factors of 8217?
3, 11, 83
What are the prime factors of 3464?
2, 433
List the prime factors of 9659.
13, 743
List the prime factors of 4210.
2, 5, 421
List the prime factors of 14540.
2, 5, 727
List the prime factors of 9270.
2, 3, 5, 103
List the prime factors of 44722.
2, 59, 379
List the prime factors of 11295.
3, 5, 251
List the prime factors of 43257.
3, 14419
What are the prime factors of 58957?
19, 29, 107
What are the prime factors